). Let x(v) = 4*v**3 - 365*v**2 + 95*v - 364. Let u be x(91). Determine l(u).
17
Let i be 7 + (2 - 0) + -20. Let t(r) = r**2 + 13*r - 16. Give t(i).
-38
Suppose 69*c - 73*c - 33 + 1 = 0. Let s(n) = n**2 + 16*n + 55. Calculate s(c).
-9
Let c(d) be the first derivative of -5*d**2 + 90*d - 5943. Determine c(13).
-40
Let n = -1 - 4. Let v(r) = 4*r**3 - 8*r**2 - 11*r - 9. Let l(s) = -s**3 + s + 1. Let t(q) = n*l(q) - v(q). What is t(-7)?
11
Let j(d) = 10*d - 3. Let i(v) = -30*v + 9. Let p(f) = -6*i(f) - 17*j(f). Let z(c) = 230*c - 25298. Let y be z(110). Give p(y).
17
Let l(b) = 10*b + 7. Suppose 0 = -27*n + 33*n + 252. Let x(y) = -y - 1. Let t(c) = n*x(c) - 6*l(c). Determine t(1).
-18
Let z(s) = s**3 - 6*s**2 + 5*s - 9. Suppose -4 = 12*d - 8*d, -d = 2*g - 11. Give z(g).
21
Let x(n) be the third derivative of -n**4/24 - 7*n**3/3 - 2978*n**2 + n - 17. Let u be (0 + 36)*(-2)/4. Calculate x(u).
4
Let n(i) = i**3 + 3*i**2 + 4. Let h = -6399 - -6396. What is n(h)?
4
Suppose 2*s = 8*p - 20 - 16, 2*s + 4*p = 24. Let o be 4/((-2)/(-4) - 0). Let q(m) = -m**2 + o + 4*m**2 - m**2 - m**s - 9*m. What is q(6)?
-10
Let z(v) be the third derivative of 1/60*v**5 - 2*v**2 - 1/24*v**4 + 0 + 0*v**3 - 1/40*v**6 + 0*v. Let r = 5 - 4. Calculate z(r).
-3
Let x(q) = 6*q**3 + 3*q**2 - 3*q - 19. Let t(k) = -5*k**3 - 2*k**2 + 2*k + 18. Let z(j) = 7*t(j) + 6*x(j). Suppose 0 = 99*g - 74*g + 125. Determine z(g).
7
Let t be (-4 + 13)*1*-1. Let m(p) = -164*p**2 + 13 - 161*p**2 - 6*p + 324*p**2. What is m(t)?
-14
Let j(q) = 2*q**2 + 4*q - 4. Let v = -6 + 3. Let i be j(v). Let h(f) = -f + 3*f + f**i - 5 + 2 + 8. Give h(-4).
13
Let s(h) = 5*h**2 + 14*h - 32. Let r(p) = -4*p**2 - 13*p + 29. Let y(q) = 6*r(q) + 5*s(q). What is y(10)?
34
Let n(d) = 3*d**2 - 19*d - 23. Let a(s) = -5*s**2 + 19*s + 22. Suppose -3*l = -2*l + w - 4, 5*l - 2*w - 6 = 0. Let m(q) = l*a(q) + 3*n(q). What is m(-18)?
-7
Let d(j) = j**3 - j**2 + j - 9. Suppose -3*f = -16*f. Let m be f/((-2)/(-8) + (-12)/(-16)). Determine d(m).
-9
Let g(v) = 5 - v**3 + 3 - 9*v**2 - 5 - 35*v**2 + 5*v**2. Calculate g(-39).
3
Suppose 0 = -5*p - 2*q - 10, -2*p - 3 = -5*p - 3*q. Let d(a) = -299*a - 9*a**2 - 1 + 142*a - 2*a**3 + 152*a. Calculate d(p).
3
Let i(w) = -w**3 + 11*w**2 - 10*w + 5. Let c(v) = 250*v - 1740. Let b be c(7). Determine i(b).
5
Let u(d) = 2*d**2 - 23*d - 8. Let h be u(-7). Suppose -5*f + 257 = b - 3*b, -5*f + h = 4*b. Let j(g) = g - 27 - 24 + f. Determine j(-9).
-9
Suppose f - 42 = -3*o, -2*o + 0*f + 21 = 3*f. Suppose -o*l = -l + 126. Let d(u) = -u**2 - 9*u - 4. What is d(l)?
-4
Let x(o) = 14*o + 28. Suppose 13*l + 89 + 28 = 0. Let n(s) = -3*s - 7. Let k(g) = l*n(g) - 2*x(g). Give k(5).
2
Let t(h) = -h**2 - 35*h - 55. Suppose -q - 11*q = -4*q + 264. Calculate t(q).
11
Suppose 7*k = -6*k - 41 - 102. Let f(v) = v**2 + 8*v - 30. Give f(k).
3
Let k be (-2 - 9)*(5 - (-9 - -15)). Let m(o) = o**3 - 12*o**2 + 6*o - 21. Calculate m(k).
-76
Let m(k) be the first derivative of k**3/3 - k**2 - 2*k - 118. Let h(o) be the first derivative of m(o). Determine h(-4).
-10
Let k(x) = -x - 1. Let m(b) = -b**2 - 13*b - 20. Suppose 6*v + 25 = -47. Let g be m(v). Calculate k(g).
7
Let t be -37 + 2 + (1 - 2) + 1. Let s = 27 + t. Let j(d) = -d**2 - 7*d - 3. What is j(s)?
-11
Let r(c) = -2*c**3 + 3*c**2 + 12*c - 27. Suppose 61*k = 3*k + 45 + 187. Calculate r(k).
-59
Let k(f) = 116*f**2 - 6*f - 4. Let x be k(-1). Let i(d) = 58*d - 1 - x*d + 61*d. Determine i(-4).
-5
Let r(w) = -w**3 + 17*w**2 - 45*w**2 + 15*w + 3 + 20*w**2 + 14*w**2 + 15. Give r(8).
10
Let f(n) = -n**3 - 11*n**2 - 20*n - 97. Let u be f(-10). Let x(i) be the first derivative of -1/4*i**4 - 5*i**2 + 9*i + 13 + 10/3*i**u. Calculate x(9).
0
Let w(h) = h**2 - 4*h. Let o be w(5). Suppose o = -5*a - 15. Let c(z) = -4*z**3 + 22*z - 19*z + 3 + 5*z**3 + 4*z**2 - 2. Determine c(a).
-11
Suppose 3*i - 29 - 4 = 0. Let z = i - 6. Suppose -4*u - 29 = -z*o, u - 14 = -2*o - o. Let d(k) = -5*k**3 - 2*k**2 - 2*k - 1. Determine d(u).
4
Let g be 78/(-13) - -11 - -4. Let f(l) = l + 41. Give f(g).
50
Let m(s) = -s**2 + s**3 - 9*s + s**2 + 3 + 6*s**2. Suppose 5*d - 5*b = -40, 0 = -4*d + 10*b - 12*b - 26. Give m(d).
17
Let r(m) = -2*m**3 + 14*m**2 + 6*m + 10. Let j(l) = l**3 - 13*l**2 - 7*l - 7. Let z(y) = -3*j(y) - 2*r(y). Suppose -31*b + 35*b = -40. Give z(b).
11
Let m(k) = 82 + 8047*k + 8046*k - 16090*k. What is m(-19)?
25
Let f(o) = -o**3 - 9*o**2 - 13*o - 11. Let m be (-14)/56 - 62/8. Calculate f(m).
29
Suppose 0 = 3*a - 15, 0 = -519*b + 516*b + 2*a - 31. Let y(j) = -6*j + 2. Give y(b).
44
Let l(d) = -308 - 444 - 7*d + 886. Calculate l(17).
15
Let i(u) = -1 - 4*u**2 + 2 + 9*u**2. Let b = -218 - -327. Suppose 5*q - 104 + b = 0. Determine i(q).
6
Let p(s) be the third derivative of 5*s**4/6 + 5*s**3/6 + 190*s**2 + 2*s. Give p(-3).
-55
Let s(r) be the second derivative of r**5/20 + r**4/3 - 5*r**3/3 - 21*r**2 + 4681*r. What is s(-3)?
-3
Let a = 1692 + -1693. Let d(g) = -5*g - 2 + 0*g + 0. Give d(a).
3
Let y(m) = m**2 - 11*m + 2. Suppose -5*d = -3*z - 64, 2*d - 46 = -d - 2*z. Let n(t) = -t**3 + 12*t**2 + 31*t - 31. Let f be n(d). Give y(f).
2
Suppose -4*p = 3*c - 6*c - 7, -9 = c - 3*p. Suppose -4*i = -c*i - 4. Let g(w) = -5 - w - w**2 - 2*w + i. What is g(-3)?
-1
Let s(x) = 2*x. Let m = 36 + -33. Suppose 5*c + 4 = m*l - 4*l, c = -l. Let n be ((-1)/c)/((-6)/(-12)). Give s(n).
4
Let f(w) = -w**3 + 4*w**2 + 2*w - 1. Let m = -13 - -18. Suppose m*h - 3*h = 50. Suppose 5*x - h = 5*r, -5*x - 3*r + 0*r + 17 = 0. Determine f(x).
7
Suppose 0 = -21*z - 16*z - 185. Let v(w) = -w**2 - 4*w + 6. Let g(f) = 3*f**2 + 9*f - 14. Let i(r) = z*v(r) - 2*g(r). What is i(3)?
-5
Let s = 1 + 0. Let k(f) be the third derivative of -f**7/210 - f**6/180 + f**4/24 + 11*f**3 - 119*f**2. Let j(y) be the first derivative of k(y). What is j(s)?
-5
Let p(f) = f**2 - 4*f - 12. Let m be p(5). Let u(c) be the third derivative of -4/3*c**3 + 0*c + 0 - 1/12*c**4 - 12*c**2. Calculate u(m).
6
Suppose 3*z + 1 = 7. Let k(t) be the first derivative of -t**2/2 - 2*t + 1081. Calculate k(z).
-4
Let f be (-6)/2 - (-2 - 0). Let r(o) = 61*o**3 + o**2 - 5*o - 6. Let d(n) = 201*n**3 + 3*n**2 - 17*n - 20. Let l(x) = 3*d(x) - 10*r(x). Determine l(f).
7
Let x(c) = 2*c - 10. Let g be x(13). Let y(p) be the first derivative of 134*p - p**2 - 132*p + 3*p**2 - g. Determine y(3).
14
Let x(f) = -8*f + 9. Let r = -2 - 4. Let k(g) = -23*g + 26. Let h(b) = r*k(b) + 17*x(b). Let p be -3*(1/4)/(9/(-36)). What is h(p)?
3
Suppose 65*s = -69*s + 4*s - 7410. Let p(r) = -14*r - 808. What is p(s)?
-10
Let k(t) = 2*t**2 + 77*t - 32. Let s be k(-40). Let o = -76 - -168. Let c = o - s. Let v(i) = 5*i + 2. Give v(c).
22
Let p(q) = q**3 - 6*q**2 + 4. Let u be p(6). Suppose u*z - 51 + 43 = 0. Let o(m) = -85 + 4*m - 3*m + m**z + 0*m + 81. Give o(0).
-4
Let i be 44 + (-4 - 1)*76/95. Let z(q) = 3*q - 127. Determine z(i).
-7
Let q(x) = 15 + 148*x**2 + 5*x - 4 - 156*x**2 - 4*x + 0*x. Calculate q(-3).
-64
Suppose -12 = 56*s - 52*s. Let a be s + -1 + 1 - -19. Let z = a + -17. Let r(c) = -2*c**2. Determine r(z).
-2
Let n be (-5 - -1)*(-133)/(-28) - 5. Let u be ((-78)/n - 1)*4. Let t(y) = -y**3 + 8*y**2 + 10*y + 6. Determine t(u).
15
Let r(o) = 4*o - 30. Let z be (19/57)/(5/285). What is r(z)?
46
Let h(u) = -u**2 - 4. Let t = 227 + -133. Let q = t - 94. Suppose y + 5*p + 20 = 0, q = -4*y - p - 4*p - 20. Calculate h(y).
-4
Let n be 5 + 1 + (-48)/(-16). Let c(g) = -g**2 + 12*g + 6. Calculate c(n).
33
Let f be (110/88)/((-1)/(-12)). Let t = 23 + f. Let o = t + -37. Let p(l) = -3*l**2 - l + 1. Calculate p(o).
-3
Let l = -1603 - -1596. Let r(o) = o**2 - 4*o - 23. Give r(l).
54
Let c(d) = -d**2 + 41*d + 291. Suppose -1486*q = -1565*q + 2388 + 1325. What is c(q)?
9
Let c = 3200 - 3204. Let d(j) = -6*j + 1. Let m(l) = 2*l. Let y(h) = -2*d(h) - 7*m(h). Give y(c).
6
Let q(i) = i**3 - 9*i**2 - 11*i + 16. Let y be (-744)/(-74) - (-342)/(-6327). What is q(y)?
6
Let g(v) = -9*v - 14. Let n(l) = -4*l - 7. Let d(c) = 2*g(c) - 5*n(c). Let i(s) = 4*s**2 + 77*s + 322. Let m be i(-13). Give d(m).
1
Let q(c) = -c**2 - c - 9. Suppose 0*g = -12*g - 192. Let n(a) = -a**3 - 16*a**2 - a - 16. Let s be n(g). Give q(s).
-9
Let s be (-846)/48*-2 + (-2)/8. Let l(o) = -o**2 - s + 3*o + 16 + 26 + 0*o. Calculate l(6